of v.
2, 5
Suppose 0 = 358*o - 46030 - 271874. What are the prime factors of o?
2, 3, 37
Let l(k) = 70*k**2 - 596*k - 7024. What are the prime factors of l(-12)?
2, 11, 29
Let m(l) = 18*l - 36*l + 17*l + 4*l**2 - 10*l**2 + 11*l**2. Let h be (0 - 3)/(9/6). What are the prime factors of m(h)?
2, 11
Let o(b) = -35*b - 1532. Let u be o(-38). Let v(y) = 26*y. Let t be v(-1). Let z = t - u. What are the prime factors of z?
2, 11
Suppose -134*n = 51*n + 78*n - 3048959. List the prime factors of n.
11593
Suppose 0 = 22*k - 31*k + 216. Suppose k*z + 7*z - 15965 = 0. What are the prime factors of z?
5, 103
Let s = 292 + -28. Let j = 868 - s. List the prime factors of j.
2, 151
Let m(v) = 3*v**3 - 7*v**2 - 114*v + 14. What are the prime factors of m(13)?
2, 5, 197
Let z(o) = -5*o**3 + 6*o**2 - 2*o + 5. Let h be z(-4). Let k be 28336/26 - (-66)/h. Suppose -7*i + 37 = -k. List the prime factors of i.
7, 23
Suppose 2*j = x - 2*j - 3, 0 = -2*j. Suppose 9*t - 928 = 4*t + x*s, 3*t = 3*s + 558. What are the prime factors of t?
5, 37
Let q = -260 - -260. Suppose q = 3*x - 4*i - 512 - 1951, -x - 4*i = -821. List the prime factors of x.
821
Suppose -7*k = -22667 - 5172. What are the prime factors of k?
41, 97
Let x(v) = v**3 + 6*v**2 - 5*v - 9. Let i be (1 - 0)/(13/546). Let u = -47 + i. List the prime factors of x(u).
41
Let x(s) = 4*s**2 + 10*s - 3418. List the prime factors of x(-87).
2, 73, 89
Suppose 5*x + 15 = 4*x - 4*c, -4*x + 2*c = -12. Let w be (-2 + (6 - 2))*(-1 - x). List the prime factors of 13 + 0 - (-4)/(2 + w).
11
Let h be ((-222)/(-8))/((-15)/40). Let c = 58 + h. List the prime factors of 4*(1180/c)/(-5).
59
Let m(s) = -48*s**2 + 12 + 77*s**2 - 2*s - 7*s + 73*s**2. What are the prime factors of m(2)?
2, 3, 67
Let j(t) = 5*t**2 + 1. Let x be j(1). What are the prime factors of 2 - (5 - x) - -322?
5, 13
Let x = 67011 - 44965. List the prime factors of x.
2, 73, 151
Let r be (-1 - -2)/(5/405). Suppose -20*m + 1521 = -1039. Let s = m - r. What are the prime factors of s?
47
Let i be (2*-1 + -2 + 3)*2168. Let t = -1323 - i. Let l = t + -561. List the prime factors of l.
2, 71
Let w(d) = -1636*d - 1830. What are the prime factors of w(-7)?
2, 17, 283
Let q(j) = -661*j + 492. List the prime factors of q(-5).
3797
Suppose -64774 = -5*r - 2*b, 2*r + 181*b - 25813 = 194*b. List the prime factors of r.
2, 1619
Let q be 2 - 104 - (-15)/5*1. Let d = q - -169. What are the prime factors of d?
2, 5, 7
Let x(n) = -n**2 - 4*n - 3. Let k be x(-10). Let z be k/27*6*1. Let s = z + 43. What are the prime factors of s?
29
Let v(c) be the third derivative of c**4/3 + 10*c**3/3 - 4*c**2. Suppose -2*b - 5 + 19 = 0. List the prime factors of v(b).
2, 19
Suppose -18*k = -1046 - 1366. Let v = k - -996. List the prime factors of v.
2, 5, 113
What are the prime factors of ((-2)/(-3))/((-30)/45) + 98?
97
Let o(j) = -2025 + 2025 - 3*j. Let c be o(-1). Suppose f + 3*q = 162, -c*f + 5*q - 319 = -5*f. What are the prime factors of f?
3, 7
Suppose 0 = -31*m + 623040 - 378462 + 687034. List the prime factors of m.
2, 11, 683
Let v(m) = 15121*m + 3641. List the prime factors of v(4).
3, 5, 19
Suppose -4*f + 2*j = -29168, 32*j - 21883 = -3*f + 30*j. What are the prime factors of f?
3, 11, 13, 17
Suppose -80*t + 22*t = -8642. List the prime factors of 4 - 6/(-2)*t.
11, 41
Let f be 38/(-3)*(-4 - -37). Let k = -100 - f. List the prime factors of k.
2, 3, 53
Let a = 31168 - 21688. What are the prime factors of a?
2, 3, 5, 79
Suppose -5*o = -4*q - 283846, 0 = 2*o + 57*q - 61*q - 113536. List the prime factors of o.
2, 5, 7, 811
Suppose -i - 5*p - 5112 = -5*i, 5*i - 4*p - 6399 = 0. Suppose 3*r + k = 961, 8*r - 4*r - i = -k. List the prime factors of r.
2, 7, 23
Suppose 2*b - 19600 = s + 72861, 5*s + 138681 = 3*b. What are the prime factors of b?
2, 5779
Suppose -46244 = 42*t - 334322. List the prime factors of t.
19
Suppose -23*q = 144*q + 189794 - 4514760. List the prime factors of q.
2, 23, 563
Let h(a) = 11*a - 2. Let b be h(15). Let x = b + 90. What are the prime factors of x?
11, 23
Suppose 3*p = 5*j - 34, -9*j = -13*j + 5*p + 35. List the prime factors of 17/(-3)*(-119 - (15 - j)).
17, 43
List the prime factors of (-18)/3*-2 + (10381 - -130).
17, 619
Let h(v) = 144*v**3 - v**2 + 7*v - 20. Let a(o) = o - 2. Let s(j) = -6*a(j) + h(j). What are the prime factors of s(2)?
2, 571
Suppose 0 = -2*w + o - 7, -1 = -3*w + 5*o - 29. Let a be 13/3 + (-3)/(w - -10). Suppose 0 = -3*f - r + 118, r + 194 = a*f + f. List the prime factors of f.
3, 13
Let q(x) = 53*x + 2 - 13 + 30*x + 1 + 2. What are the prime factors of q(8)?
2, 41
Suppose 14*c - 11*c = 3*j + 234, 3*j = -8*c + 624. Suppose -k = 4*k - 285. Let d = c - k. What are the prime factors of d?
3, 7
Let k = -264 - -85. Let u be k/3*1*-3. Let h = u - 98. List the prime factors of h.
3
List the prime factors of 350130/440*(2/(-6) - (-17 - -6)).
2, 1061
Let t(w) = -w**3 + w**2 + 2*w - 93. Let r be t(0). Let h = r + 447. List the prime factors of h.
2, 3, 59
Let b be 6 + 46/(-391) + 446/34. Let q(d) = -d**2 + 24*d - 82. List the prime factors of q(b).
13
Let n(t) be the second derivative of t**4/6 - 5*t**3 + 77*t**2/2 + 52*t. List the prime factors of n(18).
5, 37
Let t be (-8523)/(-9) - (4 - (3 - 0)). Suppose 5*k + 5*q - 1334 = t, -3*k - 2*q + 1364 = 0. What are the prime factors of k?
2, 113
Let s(w) = 2*w**2 + 9*w - 6. Let l be s(-7). Suppose 18 = -404*q + 410*q. Suppose q*d + 4*c = l, -27 - 4 = -3*d - 5*c. List the prime factors of d.
7
Suppose -m - 21578 - 105322 = -4*z, 3*m + 158618 = 5*z. List the prime factors of z.
2, 29, 547
Let i(j) be the first derivative of -j**3/3 - 16*j**2 + 38*j + 5. What are the prime factors of i(-33)?
5
Suppose -125680 = 109*h + 172*h - 925406. What are the prime factors of h?
2, 1423
Let d be 1 - 0 - (-16 + 19). Let u be 7*4*((-28)/16 - d). List the prime factors of (-25)/(-35) - 1 - (-415)/u.
59
List the prime factors of 6672/(-40)*(0 - 380/8).
3, 19, 139
Let d(g) = 9*g - 18. Let m(u) = 53 + u**2 - 53. Let i(b) = d(b) + 2*m(b). What are the prime factors of i(-8)?
2, 19
Suppose 0 = 25*q - 18*q - 10864. What are the prime factors of q?
2, 97
Suppose g = 6*g - 2*a - 6, -3*g - 2*a = 6. Suppose j + h - 5*h = 865, g = -j + 2*h + 867. List the prime factors of j.
11, 79
Let f = -183 - -185. List the prime factors of (152/114)/(1808/(-906) + f).
2, 151
Let w = -49 - -17. Let a = w - -41. Suppose -11*h = -a*h - 164. What are the prime factors of h?
2, 41
Let b(h) = 4188*h**3 + 78*h - 148. List the prime factors of b(2).
2, 59, 71
Suppose -70*y = -69*y - 6. Suppose 0 = y*f - 1895 - 427. List the prime factors of f.
3, 43
Suppose j + 6*j = 28. Let x be 72/32 - 1/j. Suppose o - 5*g - 182 = -x*o, -4*o = 5*g - 231. What are the prime factors of o?
59
Let a = -18 + 18. Suppose 13 + 71 = 2*k + 3*j, a = -k + j + 37. Suppose 42*d = k*d + 192. What are the prime factors of d?
2
Let i(r) = -151*r**3 - 15*r**2 - 7*r - 12. List the prime factors of i(-6).
2, 3, 5351
Let i(k) = 59*k + 38. Let u be i(-3). Let w(g) = -5*g**2 - g + 4. Let m be w(3). Let v = m - u. What are the prime factors of v?
5, 19
Suppose 0 = -89*b + 86*b + 9. Let w be -1 + b + 270 + -4 + 0. Suppose 2*j + w = 2*z, 2*z - 504 = -2*z - 4*j. List the prime factors of z.
2, 5, 13
Suppose -2*b = -4*u - 18, 2*u + 3*b + 1 = u. What are the prime factors of (u - -21)/((-7)/(-189))?
3, 17
Suppose 0 = 4*g + 5*g - 18. Suppose -314 = g*k - 440. What are the prime factors of k?
3, 7
Suppose -6*k - 3 = -7*k. Let r(j) = 37*j**3 - 4*j**2 - 5*j + 16. List the prime factors of r(k).
2, 241
Let h(o) = -389*o - 510. What are the prime factors of h(-19)?
7, 983
Let w be (2/(-3))/(8/(-36)). Let x(r) = 12*r + 3. Let u be x(0). Suppose -w*q + 2*t + 72 = 0, 3*q = -0*q + u*t + 72. What are the prime factors of q?
2, 3
Let k = -99 - 400. Let g = k - -891. Suppose -5*v = -g - 178. List the prime factors of v.
2, 3, 19
Let x(t) = 41 + 29*t + 34*t - t**2 - 76*t. Let c be x(-10). Suppose -n + 3*p + 134 = 0, 225 = n + 2*p + c. List the prime factors of n.
2, 73
Let u be (-42)/9*-1*(0 - -69). Suppose 0 = 5*z - u + 52. List the prime factors of (-12)/z + 742/18.
41
Let p(t) = -t**3 + 8*t - 9. Let b be 52/(-78)*(-15)/(-2). What are the prime factors of p(b)?
2, 19
Suppose 25*n - 48*n = -98118. W